= 162 + t. List the prime factors of w.
2, 5
Let c(d) = 1. Let z(w) = -19*w + 17. Let u(q) = -c(q) - z(q). What are the prime factors of u(5)?
7, 11
Suppose 2 - 9 = -o - 5*n, n - 11 = 3*o. Let z(q) = 3*q**2 + 2*q + 40. Let l(c) = -2*c**2 - c - 39. Let m(x) = o*z(x) - 4*l(x). List the prime factors of m(0).
2, 3
Suppose 2*k = -4, -q + 5*k - k + 1432 = 0. What are the prime factors of q?
2, 89
Let b be (-1 - 68/(-24))*6. Suppose b - 20 = -3*r. List the prime factors of r.
3
Let v be -10*-4*2/(-16). Let h(c) = c**2 + 3*c + 4. List the prime factors of h(v).
2, 7
Let j(g) = 3*g + 9. Let u(b) = b + 1. Let a(p) = -j(p) + 5*u(p). Let c be a(5). Suppose -o - 2*v = 2*o - c, 4*o = v + 8. What are the prime factors of o?
2
Suppose s = 4*w + 993, 0 = -3*s + 29*w - 25*w + 2979. List the prime factors of s.
3, 331
What are the prime factors of 7426/18 + 32/72?
7, 59
Suppose 0 = -4*s + 5*k + 43, -3*k = -2*k + 3. Suppose 0 = s*u - 216 - 155. What are the prime factors of u?
53
Let u(c) = 40*c**2 - 5*c + 10. List the prime factors of u(5).
5, 197
What are the prime factors of (-39525)/(-90) - 2/12?
439
Suppose -2*c - 8*o + 259 = -7*o, -264 = -2*c + 4*o. Let i = c - 84. What are the prime factors of i?
2, 23
Let b = -144 - -101. Let n = 4 - b. What are the prime factors of n?
47
Let b(c) = 13*c + 4. Let u be b(1). Suppose 13*w - u*w + 348 = 0. List the prime factors of w.
3, 29
Suppose -4*m - 2 = -2*k, 2*m = -3*k + 5 - 2. Suppose -2*g - 2*d + 40 = 12, 4*g + 5*d = 58. Let c = g - m. List the prime factors of c.
2, 3
Let g be 4 + -1 - (-3 + 4). Suppose -g*w + 168 = 3*z, 0*z + 3*z - 2*w = 180. Let o = z + -37. What are the prime factors of o?
3, 7
Let c be -5 + (-10)/(-5) - 0. Let i(n) = 16*n**2 - 2*n + 4. What are the prime factors of i(c)?
2, 7, 11
Let t be (-4971)/(-21) - (-4)/14. Suppose -t = -13*i + 10*i. What are the prime factors of i?
79
Let z(b) = -96*b - 7. List the prime factors of z(-14).
7, 191
Suppose 5*g = -20, -3*j + 2116 = -3*g + 559. List the prime factors of j.
5, 103
Let b be (32/12)/(8/636). Let y = 309 - b. List the prime factors of y.
97
Let i(k) = -3*k + 8*k + 5*k**2 + k - 2 - k**3. Let l be i(6). List the prime factors of (l/(-3))/(2/60).
2, 5
Let s(v) = 10 + v**2 + 93*v - 46*v - 43*v. List the prime factors of s(-3).
7
Let l = -730 - -1362. List the prime factors of l.
2, 79
Suppose -4*s - 14 = -2*o + 4, -3*o - 2*s + 59 = 0. Let d = -22 + o. Let c(z) = z**3 + 8*z**2 + 9*z + 10. List the prime factors of c(d).
2, 5
Let d(f) = 223*f**2 - 48*f + 4. What are the prime factors of d(3)?
1867
Suppose -2*z + 380 = 2*r, -4*z = r - 273 + 80. List the prime factors of r.
3, 7
Let o(y) = 2*y + 737. List the prime factors of o(13).
7, 109
Suppose 0 = 5*m - 4*n - 8, 2*m - 3*n + n - 2 = 0. Let k(w) = 30*w + 5. List the prime factors of k(m).
5
Let f = 713 + -770. Let h(z) = 43*z - 2. Let i be h(-2). Let o = f - i. List the prime factors of o.
31
Suppose -j - 3*z = 203, 2*z + 4 + 0 = 0. Let l = j + 292. What are the prime factors of l?
5, 19
Let m = -8 + 187. Let g = m + -96. What are the prime factors of g?
83
Suppose 1596 + 979 = s - 4*j, -3*j - 2578 = -s. What are the prime factors of s?
13, 199
Let u(l) = -l**3 + 10*l**2 - 10*l + 9. Let c be u(9). Suppose -3*f - 2*f + 940 = c. List the prime factors of f.
2, 47
List the prime factors of (114/(-4) - 2)*-64.
2, 61
Let z be (6*(-8)/(-4))/(2*1). Suppose z*j - 266 = 76. List the prime factors of j.
3, 19
Let a = -12 + 165. Let f = a + -108. List the prime factors of f.
3, 5
Suppose 0 = 3*q - 3736 - 1835. What are the prime factors of q?
3, 619
Let z(t) = 72*t + 287. List the prime factors of z(11).
13, 83
Suppose 3*r + r = 1580. Let b = -209 + r. List the prime factors of b.
2, 3, 31
Let h(p) = p**2 + 15*p - 14. Let l be h(-16). Let j = l - -8. Suppose j + 34 = 4*s. What are the prime factors of s?
11
Let k = 4 - 1. Suppose -p - 96 = -k*p. List the prime factors of (-1 - -3)/(3/p).
2
List the prime factors of 6*(-2280)/20*(-10)/6.
2, 3, 5, 19
List the prime factors of (-240)/42 - -6 - (-58038)/21.
2, 691
Let n be ((-4)/(-6))/(1/12). Suppose 0 = -a - g - n, 2*a - 2*g + 22 = -7*g. Let p = a - -12. What are the prime factors of p?
2, 3
Let y = -45 + 47. Suppose -127 = y*x - 313. What are the prime factors of x?
3, 31
Let a(o) = 2*o - 3. Let f be a(-5). Let j be f/(-5) + (-24)/(-60). Suppose -m = l + j*l + 5, 5*m = 4*l + 95. List the prime factors of m.
3, 5
Suppose -6*v = -134 - 3640. List the prime factors of v.
17, 37
Let m(w) = 1047*w**3 - w**2 + w + 1. List the prime factors of m(1).
2, 131
Suppose 5*x - 3483 = 2*l + 4444, -2*x + 3*l + 3173 = 0. List the prime factors of x.
5, 317
Let w(l) = l**3 + 6*l**2 - 2*l - 11. Let u be w(-6). Let m be 1*((u - 1) + 7). Suppose 0 = 9*t - m*t - 84. What are the prime factors of t?
2, 3, 7
Let b be (1/(-3))/((-2)/9498). Suppose -12*f + 397 = -b. What are the prime factors of f?
3, 5, 11
Let m be -1*1 + (14 - 13). Suppose 2*y - 98 = -0*y - 5*h, m = -5*y + h + 218. Let s = y - 26. List the prime factors of s.
2, 3
Suppose 3056 = -19*q + 23*q. What are the prime factors of q?
2, 191
Let v = 517 + -189. What are the prime factors of v?
2, 41
Let w = -95 - -106. Suppose 5*z = w*z - 774. List the prime factors of z.
3, 43
Suppose 5 - 4 = 2*t + v, v - 1 = t. Let o(y) = -4*y + 259. What are the prime factors of o(t)?
7, 37
Let q(v) = 8*v**2 - 4*v + 7. Let g be q(8). Suppose -4*s - g = -3*z, 2*s = -2*z + s + 332. Suppose 4*u - 7*u = -z. List the prime factors of u.
5, 11
Let q(y) = 14*y + 11. Let m = 40 - 36. What are the prime factors of q(m)?
67
Let m(n) = 4*n**2 + 61*n + 41. What are the prime factors of m(-18)?
239
Let p = -52 - -69. Suppose p*n - 134 = 15*n. What are the prime factors of n?
67
What are the prime factors of (-112390)/(-60) + (-2)/12 + -6?
1867
Suppose -5*o + 112 + 533 = 0. Suppose o = 6*p - 201. List the prime factors of p.
5, 11
Let s(c) = -3*c + 5. Let q be s(2). What are the prime factors of (-6 - -6) + (40 - q)?
41
Let a(l) = l**2 + l - 4. Suppose -v - 3 = -2. Let m be v/3 + 16/3. List the prime factors of a(m).
2, 13
Suppose -2*l + 98 = 3*i - 10, -i = -l + 64. Suppose -61*r + l*r + 286 = 0. What are the prime factors of r?
2, 11, 13
Suppose -x + 583 + 238 = 0. List the prime factors of x.
821
Suppose 896 = r + 204. Suppose -3 = -0*h + 3*h - 4*l, 0 = -3*h - 5*l - 3. What are the prime factors of h/4 - r/(-16)?
43
Let k = 1 - -2. Suppose -13 = k*p - 2*p. Let h(z) = -z**3 - 13*z**2 + 18. List the prime factors of h(p).
2, 3
Let h(l) = 14*l - l - 8*l. Let q be h(1). Let s = q + -1. What are the prime factors of s?
2
Let y = -2348 - -3316. What are the prime factors of y?
2, 11
Suppose 4 + 0 = 2*c. Let x(m) = 15*m**3 - m - 2. Let u be x(c). Suppose t = 5*t - u. What are the prime factors of t?
29
Let a = 1362 + -196. List the prime factors of a.
2, 11, 53
Let n = 6 - 0. Let j(r) = r**3 - 6*r**2 + r - 2. Let y be j(n). Suppose 3*u - 12 = 0, 7*p + 4*u - 70 = y*p. What are the prime factors of p?
2, 3
List the prime factors of (4 - -16)*(-2)/8 + 904.
29, 31
List the prime factors of 37125/36 - 20/16.
2, 5, 103
Let d be (64/(-20))/(1/(-10)). Let r = d - -12. What are the prime factors of r?
2, 11
Let d(m) be the first derivative of 5*m**2/2 - 16*m - 5. List the prime factors of d(13).
7
Let w(l) = -2*l - 8. Let a be w(-6). List the prime factors of 45*(a/(-7))/((-40)/28).
2, 3
Let v(h) = 69*h**2 + 3*h - 11. Let q be 5/(-2)*-2 - 1. Let s(y) = 23*y**2 + y - 4. Let w(t) = q*v(t) - 11*s(t). What are the prime factors of w(-1)?
2, 11
Suppose -4*u + 44 = -0*u. Suppose -3*z = -4 - u. Suppose x = z*m + 6 + 9, -2*x = 5*m. List the prime factors of x.
5
Suppose -118*u = -114*u - 1160. What are the prime factors of u?
2, 5, 29
Let i(h) = -206*h - 150. List the prime factors of i(-4).
2, 337
Let f(b) = 147*b - 314*b + 2 + 6. What are the prime factors of f(-1)?
5, 7
What are the prime factors of (-22 + 23)*798/2?
3, 7, 19
Let u(w) = w**3 + 8*w**2 - 2*w - 2. Let n(b) = b**2 + 17*b - 24. Let k be n(-18). What are the prime factors of u(k)?
2, 41
Let c(w) = 5*w**3 - 5*w**2 + 7*w - 14. Let o be c(4). Let n = o - 181. What are the prime factors of n?
73
Let y(x) be the first derivative of -43*x**2/2 - x + 18. Suppose c = 4*c + 3. What are the prime factors of y(c)?
2, 3, 